152 and 249280.
152
What is the highest common divisor of 14 and 41020?
14
What is the highest common divisor of 66 and 1212?
6
What is the greatest common divisor of 221 and 1858168?
221
Calculate the highest common divisor of 753 and 3944967.
753
Calculate the greatest common factor of 378 and 2086.
14
What is the highest common factor of 102 and 56658?
6
What is the highest common divisor of 160 and 419872?
32
Calculate the highest common divisor of 903672 and 31416.
1848
Calculate the greatest common factor of 242234 and 62.
62
What is the greatest common factor of 272090 and 175?
35
Calculate the greatest common factor of 229804 and 292.
292
Calculate the greatest common divisor of 82344 and 1504.
376
Calculate the greatest common divisor of 135 and 4545.
45
What is the greatest common factor of 1382 and 2?
2
Calculate the highest common divisor of 61311 and 4584.
573
What is the greatest common factor of 202875 and 14607?
1623
Calculate the greatest common divisor of 3857 and 3458.
133
Calculate the greatest common divisor of 961785 and 66.
33
What is the highest common factor of 278 and 662?
2
Calculate the highest common divisor of 2886 and 2590.
74
Calculate the highest common factor of 64 and 6744.
8
Calculate the highest common divisor of 1106475 and 150.
75
What is the highest common factor of 54 and 20390?
2
What is the greatest common factor of 92105 and 9265?
545
What is the highest common factor of 12 and 39363?
3
What is the highest common divisor of 29806 and 224?
14
What is the greatest common factor of 2918523 and 555?
111
Calculate the greatest common divisor of 4060 and 13850.
10
What is the greatest common factor of 34285 and 55?
5
What is the highest common factor of 280309 and 59?
59
What is the highest common divisor of 1220 and 5020?
20
Calculate the greatest common factor of 9338 and 2842.
406
What is the highest common factor of 5820 and 780?
60
What is the highest common factor of 52285 and 35?
5
What is the greatest common divisor of 11550 and 1463?
77
Calculate the greatest common factor of 171262 and 52.
26
What is the highest common divisor of 168131 and 19?
19
Calculate the highest common divisor of 132466 and 214.
214
Calculate the highest common factor of 2344 and 104.
8
What is the greatest common factor of 355696 and 235?
47
What is the greatest common factor of 73882 and 102?
34
What is the highest common divisor of 91 and 51163?
7
What is the highest common divisor of 23429 and 49?
7
Calculate the greatest common divisor of 534 and 66127.
89
What is the highest common divisor of 23296 and 4966?
26
What is the greatest common factor of 7843 and 3751?
341
What is the highest common divisor of 10871 and 2045301?
1553
What is the highest common factor of 63 and 302316?
21
What is the highest common divisor of 135075 and 75?
75
What is the greatest common divisor of 760 and 39577?
19
Calculate the greatest common factor of 589 and 5518.
31
What is the highest common divisor of 623936 and 128?
64
Calculate the greatest common factor of 450 and 2895.
15
Calculate the greatest common divisor of 90 and 1014.
6
Calculate the greatest common divisor of 966 and 29400.
42
Calculate the greatest common divisor of 2771 and 7172.
163
Calculate the highest common divisor of 75 and 2640.
15
What is the greatest common factor of 80 and 2768?
16
Calculate the greatest common divisor of 1898841 and 399.
399
Calculate the highest common divisor of 7743 and 13746.
87
What is the greatest common divisor of 946 and 462?
22
Calculate the highest common divisor of 20670 and 33150.
390
What is the highest common factor of 129 and 963028?
43
What is the highest common factor of 18106 and 198?
22
Calculate the greatest common factor of 208706 and 433.
433
Calculate the highest common divisor of 12 and 9309.
3
What is the highest common factor of 6 and 58070?
2
Calculate the highest common divisor of 33066 and 107214.
1002
Calculate the highest common divisor of 384840 and 540.
180
What is the greatest common factor of 10 and 1260045?
5
What is the highest common factor of 514712 and 4?
4
What is the highest common divisor of 76388 and 2366?
338
What is the greatest common divisor of 12450 and 1470?
30
What is the highest common factor of 300 and 681900?
300
What is the greatest common factor of 1573663 and 182?
91
What is the greatest common divisor of 9738 and 3438?
18
What is the greatest common divisor of 24897 and 10191?
129
What is the highest common factor of 70361 and 426?
71
What is the highest common factor of 5537 and 200123?
791
What is the greatest common divisor of 35104 and 32?
32
What is the greatest common factor of 346 and 12247708?
346
What is the highest common factor of 1087902 and 513?
171
What is the highest common factor of 1674 and 864?
54
Calculate the highest common factor of 43424 and 47840.
736
Calculate the greatest common divisor of 6272 and 18522.
98
Calculate the greatest common factor of 326 and 1200984.
326
What is the highest common divisor of 224841 and 2682?
447
Calculate the highest common divisor of 35455 and 665.
35
Calculate the highest common divisor of 1602 and 405573.
267
Calculate the greatest common divisor of 135689 and 1363.
47
What is the highest common factor of 20 and 5770?
10
Calculate the greatest common factor of 1219 and 5083.
23
Calculate the highest common factor of 261 and 59827.
29
What is the greatest common divisor of 112425 and 75?
75
Calculate the greatest common divisor of 171 and 658071.
9
What is the highest common divisor of 273 and 4784?
13
What is the greatest common factor of 1548 and 67553?
43
Calculate the highest common factor of 560 and 18592840.
280
What is the highest common divisor of 253 and 250723?
253
What is the greatest common divisor of 9436 and 266?
14
What is the highest common factor of 14645 and 5365?
145
Calculate the highest common factor of 10 and 2049755.
5
What is the greatest common factor of 28 and 70812?
28
What is the highest common divisor of 391 and 122383?
391
What is the highest common factor of 2835568 and 16?
16
What is the highest common divisor of 50650 and 1?
1
What is the highest common factor of 17 and 28883?
17
Calculate the greatest common factor of 141206 and 572.
26
What is the greatest common divisor of 216 and 1366686?
54
What is the greatest common factor of 7 and 69538?
7
What is the highest common divisor of 408 and 14676?
12
What is the greatest common factor of 261 and 4872?
87
Calculate the highest common divisor of 244 and 9989116.
244
What is the highest common factor of 4356 and 660?
132
What is the greatest common divisor of 9306 and 5841?
99
Calculate the highest common factor of 8 and 167228.
4
What is the greatest common divisor of 2668 and 64?
4
Calculate the greatest common factor of 255040 and 3264.
64
Calculate the greatest common divisor of 2703 and 408.
51
Calculate the highest common divisor of 162 and 21318.
6
What is the greatest common factor of 1248 and 1983488?
416
What is the greatest common factor of 410 and 54?
2
What is the greatest common divisor of 27425 and 425?
25
Calculate the highest common factor of 14 and 25858.
14
Calculate the greatest common factor of 158645 and 5.
5
Calculate the greatest common factor of 598 and 104.
26
What is the greatest common factor of 5646 and 66?
6
What is the highest common divisor of 5076 and 9180?
108
What is the highest common divisor of 55326 and 114?
6
Calculate the highest common factor of 44999 and 799.
17
What is the greatest common factor of 14 and 297962?
14
Calculate the greatest common factor of 201458 and 526.
526
Calculate the highest common divisor of 4743 and 834303.
93
What is the highest common factor of 19 and 131765?
19
What is the highest common divisor of 4818 and 165396?
66
What is the highest common divisor of 138116 and 132?
44
What is the highest common divisor of 3534 and 484614?
114
Calculate the highest common divisor of 24 and 3728.
8
What is the highest common divisor of 35112 and 33936?
168
What is the greatest common factor of 57761 and 143?
11
What is the highest common divisor of 464 and 26999?
29
What is the greatest common factor of 2736 and 24480?
144
Calculate the greatest common divisor of 537 and 75.
3
What is 